22*p**2 + 10*p + 4. What is k(10)?
-96
Let b(h) = 9*h**2 - 115*h - 56. Give b(7).
-420
Let w(b) = -21*b - 1273. Determine w(-60).
-13
Let a(s) = 5*s**3 + 294*s**2 - 85*s - 1530. Calculate a(-59).
4
Let k(r) = 2516*r - 153463. What is k(61)?
13
Let n(a) = -a**3 + 3*a**2 - a + 42. Give n(4).
22
Let f(s) = 3*s**3 - 297*s**2 - 8*s + 785. What is f(99)?
-7
Let o(n) = 3*n**2 - 10*n - 2. Give o(1).
-9
Let j(f) = 5*f**2 - 791*f + 28879. Give j(101).
-7
Let c(i) = i**3 - 70*i**2 + 71*i - 145. Give c(69).
-7
Let q(o) = -o**2 + 1142*o - 5681. Determine q(5).
4
Let a(p) = -5*p**3 + 22*p**2 - 3*p - 3. Give a(4).
17
Let m(g) = -58*g**3 + g**2 + 7*g - 8. Calculate m(1).
-58
Let o(a) = -a**3 + 11*a**2 - a + 18. Give o(11).
7
Let z(t) = -30*t + 344. Calculate z(11).
14
Let y(w) = -48*w**3 + 49*w**2 - 90*w + 3. What is y(2)?
-365
Let o(v) = v**3 - 6*v**2 - 21*v + 6. Calculate o(9).
60
Let w(b) = 249*b + 1208. Give w(-5).
-37
Let r(w) = -228*w - 4766. What is r(-21)?
22
Let d(y) = -103*y + 7407. Calculate d(72).
-9
Let s(j) = j**3 + 43*j**2 - 49*j - 165. Give s(-44).
55
Let n(f) = f + 265. Give n(-34).
231
Let f(j) = -33*j - 7. Calculate f(1).
-40
Let g(p) = p**3 + 10*p**2 - 27*p - 169. Determine g(-11).
7
Let c(t) = 21*t**3 - 4*t**2 + 17*t - 13. Calculate c(1).
21
Let q(s) = 2*s**3 - 72*s**2 - 148*s - 197. What is q(38)?
-45
Let f(m) = 18287*m + 54854. Give f(-3).
-7
Let s(g) = 14*g + 3. What is s(1)?
17
Let a(t) = 106*t - 27565. Calculate a(260).
-5
Let s(r) = -22*r**2 + 349*r + 18. Calculate s(16).
-30
Let m(s) = -4*s**2 + 115*s - 27. Determine m(24).
429
Let s(j) = j**3 - 27*j**2 + 51*j - 25. Calculate s(25).
0
Let c(v) = 17*v + 611. Calculate c(-36).
-1
Let f(w) = -w**3 - 284*w**2 - 805*w + 10674. Calculate f(-281).
-4
Let c(f) = 2*f**2 + 5*f + 21. What is c(-11)?
208
Let k(w) = 2*w**2 + 138*w - 1059. Give k(7).
5
Let h(l) = 3*l**3 + 8*l**2 - 45*l - 157. Determine h(-4).
-41
Let t(r) = -135*r - 1820. Determine t(-14).
70
Let q(c) = -457*c - 10056. Determine q(-22).
-2
Let l(k) = 2*k**2 - 6*k - 170. What is l(0)?
-170
Let t(u) = -u**3 + 45*u**2 - 13*u + 591. Calculate t(45).
6
Let s(q) = -13*q - 118. Determine s(-9).
-1
Let u(n) = -186*n - 332. Calculate u(-2).
40
Let f(w) = 3*w**3 + 105*w**2 - 6*w - 89. What is f(-35)?
121
Let j(y) = -y**2 + 30*y - 21. Determine j(28).
35
Let d(f) = f**3 + 7*f**2 - 195*f + 53. Give d(-18).
-1
Let x(k) = k**3 - 74*k**2 + 63*k + 679. Determine x(73).
-51
Let v(p) = -18*p**2 + 67*p + 131. What is v(-3)?
-232
Let x(s) = s**2 + 111*s + 2859. Give x(-69).
-39
Let y(k) = -1984*k - 15864. Give y(-8).
8
Let t(h) = 1175*h - 38785. Give t(33).
-10
Let h(j) = -1467*j - 51325. What is h(-35)?
20
Let l(g) = -133*g - 4639. Determine l(-36).
149
Let z(n) = -n**3 - 3*n**2 + 109*n + 339. Calculate z(-3).
12
Let y(v) = 664*v - 13266. Calculate y(20).
14
Let j(p) = -p**2 - 2*p - 6. What is j(5)?
-41
Let h(n) = -15*n - 289. Determine h(-19).
-4
Let y(t) = -t**2 + 159*t + 6797. Calculate y(-35).
7
Let o(b) = b**2 - 58*b + 255. Calculate o(5).
-10
Let f(u) = u**2 - 49*u + 303. Calculate f(8).
-25
Let a(r) = 10*r**3 - 2*r**2 - r + 2. Give a(1).
9
Let h(m) = -45*m - 753. What is h(-8)?
-393
Let h(n) = -58*n - 3480. Calculate h(-60).
0
Let o(s) = -18*s**2 + s + 1. Give o(-3).
-164
Let x(b) = b**3 + 46*b**2 - 35*b + 373. Determine x(-47).
-191
Let f(i) = -35*i**2 + 141*i - 3. Calculate f(4).
1
Let x(m) = -2*m**3 + 11*m**2 + 63*m - 9. Determine x(-4).
43
Let v(y) = -2759*y + 24829. Calculate v(9).
-2
Let u(r) = -12*r**2 - 93*r + 15. Calculate u(-6).
141
Let u(y) = 5*y + 44. Give u(17).
129
Let y(v) = 6*v**3 + 8*v + 19. Calculate y(-2).
-45
Let t(m) = 2*m**3 + 2*m**2 - 104*m - 4. Calculate t(7).
52
Let c(w) = w**2 + 45*w - 1161. Give c(19).
55
Let b(s) = 2*s**2 - 262*s + 2382. Calculate b(10).
-38
Let s(w) = 6*w**3 - 109*w**2 + 18*w - 8. What is s(18)?
-8
Let p(j) = 130*j + 171. What is p(-1)?
41
Let d(a) = 148*a**2 - 1789*a + 69. Determine d(12).
-87
Let h(l) = -l**3 + 16*l**2 - 54*l - 24. Calculate h(9).
57
Let m(x) = 3*x**3 - 56*x**2 - 79*x - 43. Determine m(20).
-23
Let o(c) = 4*c**3 + c**2 - 42*c + 133. Determine o(4).
237
Let h(r) = 590*r - 4129. Determine h(7).
1
Let p(d) = -2*d**3 - 195*d**2 - 294*d - 565. Calculate p(-96).
11
Let t(g) = 10*g**2 - 82*g - 4. Determine t(9).
68
Let s(m) = -62*m + 28. What is s(-8)?
524
Let q(m) = -24*m + 188. What is q(-3)?
260
Let s(b) = b**2 - 143*b + 2064. Give s(17).
-78
Let h(n) = 8*n**2 - 44*n + 35. Give h(1).
-1
Let s(r) = -84*r - 14. Determine s(-4).
322
Let o(y) = -y**2 - 125*y - 2487. Give o(-26).
87
Let c(d) = d**2 + 5*d - 25. What is c(4)?
11
Let r(p) = -4*p**2 + 85*p - 49. What is r(24)?
-313
Let a(s) = 75*s - 1957. Determine a(26).
-7
Let r(h) = -410*h - 9460. What is r(-23)?
-30
Let n(i) = -i**3 + 46*i**2 + 45*i - 82. What is n(47)?
-176
Let z(l) = -l**3 - 9*l**2 + 183*l + 1168. Calculate z(-6).
-38
Let x(g) = 44*g**2 - 153*g + 65. What is x(3)?
2
Let m(y) = 187*y - 64. Determine m(1).
123
Let d(l) = -l**3 - 7*l**2 + 21*l + 31. Give d(-7).
-116
Let t(h) = -7*h**2 + 57*h - 24. Determine t(11).
-244
Let h(s) = 2*s**3 - 57*s**2 - 96*s + 165. Determine h(30).
-15
Let w(s) = -154*s + 1729. Give w(11).
35
Let v(r) = 97*r - 207. What is v(2)?
-13
Let u(g) = 683*g - 10906. Calculate u(16).
22
Let b(z) = -z**2 + 639*z - 100526. Calculate b(359).
-6
Let y(o) = 98*o + 1306. Give y(-14).
-66
Let g(n) = -5*n**3 - 8*n**2 - 3*n + 15. Calculate g(-4).
219
Let r(p) = -1132*p - 2072. Calculate r(-2).
192
Let v(k) = -3*k**2 + 48*k + 13. What is v(17)?
-38
Let b(i) = -3*i**3 - 8*i**2 + 54*i + 175. What is b(-3)?
22
Let u(d) = d**3 + 4*d**2 - 5*d + 63. Determine u(-6).
21
Let c(n) = -24*n**2 - 135*n + 136. Determine c(1).
-23
Let a(z) = -88*z**3 - 27*z**2 + 35*z - 8. Calculate a(1).
-88
Let s(x) = -73*x + 851. Calculate s(10).
121
Let p(c) = -5*c**2 - 97*c + 14. Determine p(-20).
-46
Let z(h) = h**3 - 54*h**2 - 179*h - 25. Determine z(-3).
-1
Let a(p) = -p**3 - 21*p**2 - 34*p - 31. What is a(-18)?
-391
Let s(c) = -c**2 - 4*c. What is s(11)?
-165
Let i(l) = -5*l**3 - 291*l**2 - 53*l + 294. What is i(-58)?
4
Let i(a) = -a**2 + 122*a - 3357. Calculate i(43).
40
Let n(k) = 18*k**2 - 150*k - 18. Give n(8).
-66
Let l(f) = -20*f**3 - 96*f**2 + 10*f + 11. Give l(-5).
61
Let q(y) = -y**2 + 21*y + 4. Calculate q(-3).
-68
Let r(v) = -v**3 - 16*v**2 - 35*v + 146. Give r(-12).
-10
Let j(s) = -6*s**2 - 3*s - 13. What is j(-7)?
-286
Let s(q) = 113*q - 361. Give s(4).
91
Let y(u) = 11*u + 548. Determine y(-33).
185
Let m(v) = 3*v + 32. Calculate m(19).
89
Let d(p) = -474*p - 1185. Determine d(-4).
711
Let t(z) = -5*z**2 + 205*z + 182. Give t(42).
-28
Let o(g) = -2*g**3 + 4*g**2 - 223*g + 658. Give o(3).
-29
Let a(u) = u**3 + 14*u**2 - 37*u + 87. Determine a(-15).
417
Let p(u) = -36*u - 92. Determine p(-3).
16
Let f(p) = -48*p - 444. Calculate f(-9).
-12
Let s(u) = -3*u + 3. Determine s(5).
-12
Let t(f) = -7*f**3 + 27*f**2 + 6*f - 7. Calculate t(4).
1
Let j(x) = 7*x + 2. Calculate j(-4).
-26
Let m(p) = -12*p**2 + 19*p + 320. Calculate m(6).
2
Let p(x) = -x**2 - 32302*x - 193781. Give p(-6).
-5
Let i(w) = 56*w + 451. What is i(-8)?
3
Let g(q) = -6779*q + 81352. Determine g(12).
4
Let s(v) = v**3 + 18*v**2 - 24*v + 61. Determine s(-19).
156
Let t(f) = 528*f + 21650. What is t(-41)?
2
Let u(g) = -2*g**3 - 31*g**2 - 40*g + 47. Give u(-14).
19
Let d(n) = -n**3 + 22*n**2 + 96*n + 228. What is d(26)?
20
Let q(f) = 3*f**3 - 22*f**2 + 18*f - 97. Determine q(7).
-20
Let u(x) = 2*x**2 - 401*x - 2954. Determine u(-7).
-49
Let f(i) = -i**2 - 70*i + 162. Give f(-72).
18
Let k(x) = -6*x**2 - 286*x + 397. What is k(-49)?
5
Let x(f) = 3*f**3 - 16*f**2 + 7*f - 48. Calculate x(5).
-38
Let q(t) = t**3 - 37*t + 9. Give q(5).
-51
Let i(l) = 6*l**2 - 30040*l - 30040. Calculate i(-1).
6
Let x(q) = -q**3 - 12*q - 9. What is x(0)?
-9
Let l(q) = q**2 + 60*q + 572. Determine l(-12).
-4
Let t(f) = f**3 + 29*f**2 - 131*f + 27. What is t(-33)?
-6
Let q(z) = 2*z**3 - 29*z**2 + z + 34. Determine q(15).
274
Let y(t) = 3*t**3 - 223*t**2 + 71*t + 224. Determine y(74).
2
Let q(o) = -2*o**3 - 28*o**2 + 35*o + 106. Determine q(-15).
31
Let d(y) = -y**2 + 148*y + 761. What is d(-5)?
-4
Let t(o) = 8*o**2 + 85*o - 974. Give t(7).
13
Let f(a) = 5*a**2 + 191*a + 95. What is